{"id":76,"date":"2020-05-27T08:18:55","date_gmt":"2020-05-27T08:18:55","guid":{"rendered":"https:\/\/www.pginfrastruktura.pl\/?page_id=76"},"modified":"2024-02-29T07:03:24","modified_gmt":"2024-02-29T07:03:24","slug":"kontakt","status":"publish","type":"page","link":"https:\/\/www.pginfrastruktura.pl\/?page_id=76","title":{"rendered":"Kontakt"},"content":{"rendered":"<p>PG INFRASTRUKTURA SP\u00d3\u0141KA Z OGRANICZON\u0104\u00a0ODPOWIEDZIALNO\u015aCI\u0104<\/p>\n<p>ul. <span>\u00a0<\/span><span>Kolonia W\u0105gr\u00f3dka<\/span><\/p>\n<p><span>41-217 Sosnowiec<\/span><\/p>\n","protected":false},"excerpt":{"rendered":"<p>PG INFRASTRUKTURA SP\u00d3\u0141KA Z OGRANICZON\u0104\u00a0ODPOWIEDZIALNO\u015aCI\u0104 ul. \u00a0Kolonia W\u0105gr\u00f3dka 41-217 Sosnowiec<\/p>\n","protected":false},"author":1,"featured_media":0,"parent":0,"menu_order":0,"comment_status":"closed","ping_status":"closed","template":"","meta":{"footnotes":""},"class_list":["post-76","page","type-page","status-publish","hentry"],"_links":{"self":[{"href":"https:\/\/www.pginfrastruktura.pl\/index.php?rest_route=\/wp\/v2\/pages\/76","targetHints":{"allow":["GET"]}}],"collection":[{"href":"https:\/\/www.pginfrastruktura.pl\/index.php?rest_route=\/wp\/v2\/pages"}],"about":[{"href":"https:\/\/www.pginfrastruktura.pl\/index.php?rest_route=\/wp\/v2\/types\/page"}],"author":[{"embeddable":true,"href":"https:\/\/www.pginfrastruktura.pl\/index.php?rest_route=\/wp\/v2\/users\/1"}],"replies":[{"embeddable":true,"href":"https:\/\/www.pginfrastruktura.pl\/index.php?rest_route=%2Fwp%2Fv2%2Fcomments&post=76"}],"version-history":[{"count":13,"href":"https:\/\/www.pginfrastruktura.pl\/index.php?rest_route=\/wp\/v2\/pages\/76\/revisions"}],"predecessor-version":[{"id":172,"href":"https:\/\/www.pginfrastruktura.pl\/index.php?rest_route=\/wp\/v2\/pages\/76\/revisions\/172"}],"wp:attachment":[{"href":"https:\/\/www.pginfrastruktura.pl\/index.php?rest_route=%2Fwp%2Fv2%2Fmedia&parent=76"}],"curies":[{"name":"wp","href":"https:\/\/api.w.org\/{rel}","templated":true}]}}